{"id":39,"date":"2023-07-11T15:52:41","date_gmt":"2023-07-11T15:52:41","guid":{"rendered":"https:\/\/new.flamenco-eva.ch\/?page_id=39"},"modified":"2023-07-12T13:23:50","modified_gmt":"2023-07-12T13:23:50","slug":"presentation","status":"publish","type":"page","link":"https:\/\/flamenco-eva.ch\/?page_id=39","title":{"rendered":"Pr\u00e9sentation"},"content":{"rendered":"<div class=\"wp-block-image\">\n<figure class=\"aligncenter size-large is-resized\"><img decoding=\"async\" loading=\"lazy\" src=\"https:\/\/flamenco-eva.ch\/wp-content\/uploads\/2023\/07\/photo-667x1024.jpg\" alt=\"\" class=\"wp-image-40\" width=\"265\" height=\"407\" srcset=\"https:\/\/flamenco-eva.ch\/wp-content\/uploads\/2023\/07\/photo-667x1024.jpg 667w, https:\/\/flamenco-eva.ch\/wp-content\/uploads\/2023\/07\/photo-195x300.jpg 195w, https:\/\/flamenco-eva.ch\/wp-content\/uploads\/2023\/07\/photo-768x1179.jpg 768w, https:\/\/flamenco-eva.ch\/wp-content\/uploads\/2023\/07\/photo-300x461.jpg 300w, https:\/\/flamenco-eva.ch\/wp-content\/uploads\/2023\/07\/photo-850x1305.jpg 850w, https:\/\/flamenco-eva.ch\/wp-content\/uploads\/2023\/07\/photo.jpg 952w\" sizes=\"(max-width: 265px) 100vw, 265px\" \/><\/figure><\/div>\n\n\n<div style=\"height:10px\" aria-hidden=\"true\" class=\"wp-block-spacer\"><\/div>\n\n\n\n<p>Passionn\u00e9e de Flamenco depuis l&rsquo;age de 15 ans et professionnelle depuis plus de 30 ans, Eva propose des cours Flamenco traditionnel priv\u00e9s ou en groupe pour tous les niveaux. En plus des cours, le Studio Flamenco Eva organise \u00e9galement des stages de danse avec des stars du Flamenco telles que Angelita Gomez et Almudena Serrano. Alors n&rsquo;attendez plus et inscrivez-vous!<\/p>\n\n\n\n<h2 class=\"wp-block-heading\">Infos pratiques<\/h2>\n\n\n\n<p>Adresse: <a rel=\"noreferrer noopener\" href=\"https:\/\/goo.gl\/maps\/HCAbtBv2TRDqz9WR8\" target=\"_blank\">Route de Gen\u00e8ve 105, 1026 Denges<\/a><\/p>\n\n\n\n<p>Acc\u00e8s: Bus 701, 705 (arr\u00eat Pierraz-Mur). Des places de parking sont \u00e9galement disponibles juste devant le studio.<\/p>\n\n\n\n<p>Contact: Adresse e-mail d&rsquo;Eva: <span id=\"email-protection\" onclick=\"display_email();\" style=\"color:blue\">(cliquer pour afficher email)<\/span>.<\/p>\n","protected":false},"excerpt":{"rendered":"<p>Passionn\u00e9e de Flamenco depuis l&rsquo;age de 15 ans et professionnelle depuis plus de 30 ans, Eva propose des cours Flamenco traditionnel priv\u00e9s ou en groupe pour tous les niveaux. En plus des cours, le Studio Flamenco Eva organise \u00e9galement des stages de danse avec des stars du Flamenco telles que Angelita Gomez et Almudena Serrano&#8230;.<\/p>\n","protected":false},"author":1,"featured_media":0,"parent":0,"menu_order":1,"comment_status":"closed","ping_status":"closed","template":"","meta":[],"_links":{"self":[{"href":"https:\/\/flamenco-eva.ch\/index.php?rest_route=\/wp\/v2\/pages\/39"}],"collection":[{"href":"https:\/\/flamenco-eva.ch\/index.php?rest_route=\/wp\/v2\/pages"}],"about":[{"href":"https:\/\/flamenco-eva.ch\/index.php?rest_route=\/wp\/v2\/types\/page"}],"author":[{"embeddable":true,"href":"https:\/\/flamenco-eva.ch\/index.php?rest_route=\/wp\/v2\/users\/1"}],"replies":[{"embeddable":true,"href":"https:\/\/flamenco-eva.ch\/index.php?rest_route=%2Fwp%2Fv2%2Fcomments&post=39"}],"version-history":[{"count":6,"href":"https:\/\/flamenco-eva.ch\/index.php?rest_route=\/wp\/v2\/pages\/39\/revisions"}],"predecessor-version":[{"id":79,"href":"https:\/\/flamenco-eva.ch\/index.php?rest_route=\/wp\/v2\/pages\/39\/revisions\/79"}],"wp:attachment":[{"href":"https:\/\/flamenco-eva.ch\/index.php?rest_route=%2Fwp%2Fv2%2Fmedia&parent=39"}],"curies":[{"name":"wp","href":"https:\/\/api.w.org\/{rel}","templated":true}]}}

Présentation

<div class="wp-block-image">
<figure class="aligncenter size-large is-resized"><img decoding="async" loading="lazy" src="https://flamenco-eva.ch/wp-content/uploads/2023/07/photo-667x1024.jpg" alt="" class="wp-image-40" width="265" height="407" srcset="https://flamenco-eva.ch/wp-content/uploads/2023/07/photo-667x1024.jpg 667w, https://flamenco-eva.ch/wp-content/uploads/2023/07/photo-195x300.jpg 195w, https://flamenco-eva.ch/wp-content/uploads/2023/07/photo-768x1179.jpg 768w, https://flamenco-eva.ch/wp-content/uploads/2023/07/photo-300x461.jpg 300w, https://flamenco-eva.ch/wp-content/uploads/2023/07/photo-850x1305.jpg 850w, https://flamenco-eva.ch/wp-content/uploads/2023/07/photo.jpg 952w" sizes="(max-width: 265px) 100vw, 265px" /></figure></div>


<div style="height:10px" aria-hidden="true" class="wp-block-spacer"></div>



<p>Passionnée de Flamenco depuis l&rsquo;age de 15 ans et professionnelle depuis plus de 30 ans, Eva propose des cours Flamenco traditionnel privés ou en groupe pour tous les niveaux. En plus des cours, le Studio Flamenco Eva organise également des stages de danse avec des stars du Flamenco telles que Angelita Gomez et Almudena Serrano. Alors n&rsquo;attendez plus et inscrivez-vous!</p>



<h2 class="wp-block-heading">Infos pratiques</h2>



<p>Adresse: <a rel="noreferrer noopener" href="https://goo.gl/maps/HCAbtBv2TRDqz9WR8" target="_blank">Route de Genève 105, 1026 Denges</a></p>



<p>Accès: Bus 701, 705 (arrêt Pierraz-Mur). Des places de parking sont également disponibles juste devant le studio.</p>



<p>Contact: Adresse e-mail d&rsquo;Eva: <span id="email-protection" onclick="display_email();" style="color:blue">(cliquer pour afficher email)</span>.</p>

<p>Passionnée de Flamenco depuis l&rsquo;age de 15 ans et professionnelle depuis plus de 30 ans, Eva propose des cours Flamenco traditionnel privés ou en groupe pour tous les niveaux. En plus des cours, le Studio Flamenco Eva organise également des stages de danse avec des stars du Flamenco telles que Angelita Gomez et Almudena Serrano&#8230;.</p>
