{"id":61,"date":"2023-07-11T16:38:55","date_gmt":"2023-07-11T16:38:55","guid":{"rendered":"https:\/\/new.flamenco-eva.ch\/?page_id=61"},"modified":"2024-08-15T18:30:09","modified_gmt":"2024-08-15T16:30:09","slug":"spectacles","status":"publish","type":"page","link":"https:\/\/flamenco-eva.ch\/?page_id=61","title":{"rendered":"Spectacles"},"content":{"rendered":"\n<p>Prochain spectacle: <strong>Samedi 14 juin 2025<\/strong> \u00e0 la salle d&rsquo;Echandens! (Affiche \u00e0 suivre.)<\/p>\n\n\n\n<h2 class=\"wp-block-heading\">Spectacles pass\u00e9s<\/h2>\n\n\n\n<figure class=\"wp-block-gallery has-nested-images columns-2 is-cropped wp-block-gallery-1 is-layout-flex\"><div class=\"wp-block-image\">\n<figure class=\"aligncenter size-full\"><img decoding=\"async\" loading=\"lazy\" width=\"1498\" height=\"839\" data-id=\"425\"  src=\"https:\/\/flamenco-eva.ch\/wp-content\/uploads\/2024\/08\/Capture-decran-2024-08-15-182641.png\" alt=\"\" class=\"wp-image-425\" srcset=\"https:\/\/flamenco-eva.ch\/wp-content\/uploads\/2024\/08\/Capture-decran-2024-08-15-182641.png 1498w, https:\/\/flamenco-eva.ch\/wp-content\/uploads\/2024\/08\/Capture-decran-2024-08-15-182641-300x168.png 300w, https:\/\/flamenco-eva.ch\/wp-content\/uploads\/2024\/08\/Capture-decran-2024-08-15-182641-1024x574.png 1024w, https:\/\/flamenco-eva.ch\/wp-content\/uploads\/2024\/08\/Capture-decran-2024-08-15-182641-768x430.png 768w, https:\/\/flamenco-eva.ch\/wp-content\/uploads\/2024\/08\/Capture-decran-2024-08-15-182641-850x476.png 850w\" sizes=\"(max-width: 1498px) 100vw, 1498px\" \/><\/figure><\/div>\n\n\n<figure class=\"wp-block-image size-full\"><img decoding=\"async\" loading=\"lazy\" width=\"655\" height=\"971\" data-id=\"407\"  src=\"https:\/\/flamenco-eva.ch\/wp-content\/uploads\/2023\/07\/2022-1.png\" alt=\"\" class=\"wp-image-407\" srcset=\"https:\/\/flamenco-eva.ch\/wp-content\/uploads\/2023\/07\/2022-1.png 655w, https:\/\/flamenco-eva.ch\/wp-content\/uploads\/2023\/07\/2022-1-202x300.png 202w, https:\/\/flamenco-eva.ch\/wp-content\/uploads\/2023\/07\/2022-1-300x445.png 300w\" sizes=\"(max-width: 655px) 100vw, 655px\" \/><\/figure>\n\n\n\n<figure class=\"wp-block-image size-full\"><img decoding=\"async\" loading=\"lazy\" width=\"540\" height=\"780\" data-id=\"62\"  src=\"https:\/\/flamenco-eva.ch\/wp-content\/uploads\/2023\/07\/affiche-2019.jpg\" alt=\"\" class=\"wp-image-62\" srcset=\"https:\/\/flamenco-eva.ch\/wp-content\/uploads\/2023\/07\/affiche-2019.jpg 540w, https:\/\/flamenco-eva.ch\/wp-content\/uploads\/2023\/07\/affiche-2019-208x300.jpg 208w, https:\/\/flamenco-eva.ch\/wp-content\/uploads\/2023\/07\/affiche-2019-300x433.jpg 300w\" sizes=\"(max-width: 540px) 100vw, 540px\" \/><\/figure>\n\n\n\n<figure class=\"wp-block-image size-full\"><img decoding=\"async\" loading=\"lazy\" width=\"669\" height=\"955\" data-id=\"369\"  src=\"https:\/\/flamenco-eva.ch\/wp-content\/uploads\/2023\/07\/2017.png\" alt=\"\" class=\"wp-image-369\" srcset=\"https:\/\/flamenco-eva.ch\/wp-content\/uploads\/2023\/07\/2017.png 669w, https:\/\/flamenco-eva.ch\/wp-content\/uploads\/2023\/07\/2017-210x300.png 210w, https:\/\/flamenco-eva.ch\/wp-content\/uploads\/2023\/07\/2017-300x428.png 300w\" sizes=\"(max-width: 669px) 100vw, 669px\" \/><\/figure>\n\n\n\n<figure class=\"wp-block-image size-full\"><img decoding=\"async\" loading=\"lazy\" width=\"685\" height=\"971\" data-id=\"365\"  src=\"https:\/\/flamenco-eva.ch\/wp-content\/uploads\/2023\/07\/2015.png\" alt=\"\" class=\"wp-image-365\" srcset=\"https:\/\/flamenco-eva.ch\/wp-content\/uploads\/2023\/07\/2015.png 685w, https:\/\/flamenco-eva.ch\/wp-content\/uploads\/2023\/07\/2015-212x300.png 212w, https:\/\/flamenco-eva.ch\/wp-content\/uploads\/2023\/07\/2015-300x425.png 300w\" sizes=\"(max-width: 685px) 100vw, 685px\" \/><\/figure>\n\n\n\n<figure class=\"wp-block-image size-full\"><img decoding=\"async\" loading=\"lazy\" width=\"749\" height=\"1029\" data-id=\"360\"  src=\"https:\/\/flamenco-eva.ch\/wp-content\/uploads\/2023\/07\/2012.png\" alt=\"\" class=\"wp-image-360\" srcset=\"https:\/\/flamenco-eva.ch\/wp-content\/uploads\/2023\/07\/2012.png 749w, https:\/\/flamenco-eva.ch\/wp-content\/uploads\/2023\/07\/2012-218x300.png 218w, https:\/\/flamenco-eva.ch\/wp-content\/uploads\/2023\/07\/2012-745x1024.png 745w, https:\/\/flamenco-eva.ch\/wp-content\/uploads\/2023\/07\/2012-300x412.png 300w\" sizes=\"(max-width: 749px) 100vw, 749px\" \/><\/figure>\n\n\n\n<figure class=\"wp-block-image size-full\"><img decoding=\"async\" loading=\"lazy\" width=\"569\" height=\"798\" data-id=\"64\"  src=\"https:\/\/flamenco-eva.ch\/wp-content\/uploads\/2023\/07\/affiche2010.png\" alt=\"\" class=\"wp-image-64\" srcset=\"https:\/\/flamenco-eva.ch\/wp-content\/uploads\/2023\/07\/affiche2010.png 569w, https:\/\/flamenco-eva.ch\/wp-content\/uploads\/2023\/07\/affiche2010-214x300.png 214w, https:\/\/flamenco-eva.ch\/wp-content\/uploads\/2023\/07\/affiche2010-300x421.png 300w\" sizes=\"(max-width: 569px) 100vw, 569px\" \/><\/figure>\n\n\n\n<figure class=\"wp-block-image size-full\"><img decoding=\"async\" loading=\"lazy\" width=\"596\" height=\"843\" data-id=\"355\"  src=\"https:\/\/flamenco-eva.ch\/wp-content\/uploads\/2023\/07\/Affiche-flamenco-2008.jpg\" alt=\"\" class=\"wp-image-355\" srcset=\"https:\/\/flamenco-eva.ch\/wp-content\/uploads\/2023\/07\/Affiche-flamenco-2008.jpg 596w, https:\/\/flamenco-eva.ch\/wp-content\/uploads\/2023\/07\/Affiche-flamenco-2008-212x300.jpg 212w, https:\/\/flamenco-eva.ch\/wp-content\/uploads\/2023\/07\/Affiche-flamenco-2008-300x424.jpg 300w\" sizes=\"(max-width: 596px) 100vw, 596px\" \/><\/figure>\n\n\n\n<figure class=\"wp-block-image size-full\"><img decoding=\"async\" loading=\"lazy\" width=\"589\" height=\"835\" data-id=\"357\"  src=\"https:\/\/flamenco-eva.ch\/wp-content\/uploads\/2023\/07\/2007.png\" alt=\"\" class=\"wp-image-357\" srcset=\"https:\/\/flamenco-eva.ch\/wp-content\/uploads\/2023\/07\/2007.png 589w, https:\/\/flamenco-eva.ch\/wp-content\/uploads\/2023\/07\/2007-212x300.png 212w, https:\/\/flamenco-eva.ch\/wp-content\/uploads\/2023\/07\/2007-300x425.png 300w\" sizes=\"(max-width: 589px) 100vw, 589px\" \/><\/figure>\n\n\n\n<figure class=\"wp-block-image size-full\"><img decoding=\"async\" loading=\"lazy\" width=\"1216\" height=\"1732\" data-id=\"366\"  src=\"https:\/\/flamenco-eva.ch\/wp-content\/uploads\/2023\/07\/Journal-de-Cossonay-23-mars-2007.jpg\" alt=\"\" class=\"wp-image-366\" srcset=\"https:\/\/flamenco-eva.ch\/wp-content\/uploads\/2023\/07\/Journal-de-Cossonay-23-mars-2007.jpg 1216w, https:\/\/flamenco-eva.ch\/wp-content\/uploads\/2023\/07\/Journal-de-Cossonay-23-mars-2007-211x300.jpg 211w, https:\/\/flamenco-eva.ch\/wp-content\/uploads\/2023\/07\/Journal-de-Cossonay-23-mars-2007-719x1024.jpg 719w, https:\/\/flamenco-eva.ch\/wp-content\/uploads\/2023\/07\/Journal-de-Cossonay-23-mars-2007-768x1094.jpg 768w, https:\/\/flamenco-eva.ch\/wp-content\/uploads\/2023\/07\/Journal-de-Cossonay-23-mars-2007-1078x1536.jpg 1078w, https:\/\/flamenco-eva.ch\/wp-content\/uploads\/2023\/07\/Journal-de-Cossonay-23-mars-2007-300x427.jpg 300w, https:\/\/flamenco-eva.ch\/wp-content\/uploads\/2023\/07\/Journal-de-Cossonay-23-mars-2007-850x1211.jpg 850w\" sizes=\"(max-width: 1216px) 100vw, 1216px\" \/><\/figure>\n\n\n\n<figure class=\"wp-block-image size-full\"><img decoding=\"async\" loading=\"lazy\" width=\"1654\" height=\"2338\" data-id=\"367\"  src=\"https:\/\/flamenco-eva.ch\/wp-content\/uploads\/2023\/07\/2005-inauguration.png\" alt=\"\" class=\"wp-image-367\" srcset=\"https:\/\/flamenco-eva.ch\/wp-content\/uploads\/2023\/07\/2005-inauguration.png 1654w, https:\/\/flamenco-eva.ch\/wp-content\/uploads\/2023\/07\/2005-inauguration-212x300.png 212w, https:\/\/flamenco-eva.ch\/wp-content\/uploads\/2023\/07\/2005-inauguration-724x1024.png 724w, https:\/\/flamenco-eva.ch\/wp-content\/uploads\/2023\/07\/2005-inauguration-768x1086.png 768w, https:\/\/flamenco-eva.ch\/wp-content\/uploads\/2023\/07\/2005-inauguration-1087x1536.png 1087w, https:\/\/flamenco-eva.ch\/wp-content\/uploads\/2023\/07\/2005-inauguration-1449x2048.png 1449w, https:\/\/flamenco-eva.ch\/wp-content\/uploads\/2023\/07\/2005-inauguration-300x424.png 300w, https:\/\/flamenco-eva.ch\/wp-content\/uploads\/2023\/07\/2005-inauguration-850x1202.png 850w\" sizes=\"(max-width: 1654px) 100vw, 1654px\" \/><\/figure>\n<\/figure>\n","protected":false},"excerpt":{"rendered":"<p>Prochain spectacle: Samedi 14 juin 2025 \u00e0 la salle d&rsquo;Echandens! (Affiche \u00e0 suivre.) Spectacles pass\u00e9s<\/p>\n","protected":false},"author":1,"featured_media":0,"parent":0,"menu_order":3,"comment_status":"closed","ping_status":"closed","template":"","meta":[],"_links":{"self":[{"href":"https:\/\/flamenco-eva.ch\/index.php?rest_route=\/wp\/v2\/pages\/61"}],"collection":[{"href":"https:\/\/flamenco-eva.ch\/index.php?rest_route=\/wp\/v2\/pages"}],"about":[{"href":"https:\/\/flamenco-eva.ch\/index.php?rest_route=\/wp\/v2\/types\/page"}],"author":[{"embeddable":true,"href":"https:\/\/flamenco-eva.ch\/index.php?rest_route=\/wp\/v2\/users\/1"}],"replies":[{"embeddable":true,"href":"https:\/\/flamenco-eva.ch\/index.php?rest_route=%2Fwp%2Fv2%2Fcomments&post=61"}],"version-history":[{"count":13,"href":"https:\/\/flamenco-eva.ch\/index.php?rest_route=\/wp\/v2\/pages\/61\/revisions"}],"predecessor-version":[{"id":430,"href":"https:\/\/flamenco-eva.ch\/index.php?rest_route=\/wp\/v2\/pages\/61\/revisions\/430"}],"wp:attachment":[{"href":"https:\/\/flamenco-eva.ch\/index.php?rest_route=%2Fwp%2Fv2%2Fmedia&parent=61"}],"curies":[{"name":"wp","href":"https:\/\/api.w.org\/{rel}","templated":true}]}}

<p>Prochain spectacle: <strong>Samedi 14 juin 2025</strong> à la salle d&rsquo;Echandens! (Affiche à suivre.)</p>



<h2 class="wp-block-heading">Spectacles passés</h2>



<figure class="wp-block-gallery has-nested-images columns-2 is-cropped wp-block-gallery-1 is-layout-flex"><div class="wp-block-image">
<figure class="aligncenter size-full"><img decoding="async" loading="lazy" width="1498" height="839" data-id="425"  src="https://flamenco-eva.ch/wp-content/uploads/2024/08/Capture-decran-2024-08-15-182641.png" alt="" class="wp-image-425" srcset="https://flamenco-eva.ch/wp-content/uploads/2024/08/Capture-decran-2024-08-15-182641.png 1498w, https://flamenco-eva.ch/wp-content/uploads/2024/08/Capture-decran-2024-08-15-182641-300x168.png 300w, https://flamenco-eva.ch/wp-content/uploads/2024/08/Capture-decran-2024-08-15-182641-1024x574.png 1024w, https://flamenco-eva.ch/wp-content/uploads/2024/08/Capture-decran-2024-08-15-182641-768x430.png 768w, https://flamenco-eva.ch/wp-content/uploads/2024/08/Capture-decran-2024-08-15-182641-850x476.png 850w" sizes="(max-width: 1498px) 100vw, 1498px" /></figure></div>


<figure class="wp-block-image size-full"><img decoding="async" loading="lazy" width="655" height="971" data-id="407"  src="https://flamenco-eva.ch/wp-content/uploads/2023/07/2022-1.png" alt="" class="wp-image-407" srcset="https://flamenco-eva.ch/wp-content/uploads/2023/07/2022-1.png 655w, https://flamenco-eva.ch/wp-content/uploads/2023/07/2022-1-202x300.png 202w, https://flamenco-eva.ch/wp-content/uploads/2023/07/2022-1-300x445.png 300w" sizes="(max-width: 655px) 100vw, 655px" /></figure>



<figure class="wp-block-image size-full"><img decoding="async" loading="lazy" width="540" height="780" data-id="62"  src="https://flamenco-eva.ch/wp-content/uploads/2023/07/affiche-2019.jpg" alt="" class="wp-image-62" srcset="https://flamenco-eva.ch/wp-content/uploads/2023/07/affiche-2019.jpg 540w, https://flamenco-eva.ch/wp-content/uploads/2023/07/affiche-2019-208x300.jpg 208w, https://flamenco-eva.ch/wp-content/uploads/2023/07/affiche-2019-300x433.jpg 300w" sizes="(max-width: 540px) 100vw, 540px" /></figure>



<figure class="wp-block-image size-full"><img decoding="async" loading="lazy" width="669" height="955" data-id="369"  src="https://flamenco-eva.ch/wp-content/uploads/2023/07/2017.png" alt="" class="wp-image-369" srcset="https://flamenco-eva.ch/wp-content/uploads/2023/07/2017.png 669w, https://flamenco-eva.ch/wp-content/uploads/2023/07/2017-210x300.png 210w, https://flamenco-eva.ch/wp-content/uploads/2023/07/2017-300x428.png 300w" sizes="(max-width: 669px) 100vw, 669px" /></figure>



<figure class="wp-block-image size-full"><img decoding="async" loading="lazy" width="685" height="971" data-id="365"  src="https://flamenco-eva.ch/wp-content/uploads/2023/07/2015.png" alt="" class="wp-image-365" srcset="https://flamenco-eva.ch/wp-content/uploads/2023/07/2015.png 685w, https://flamenco-eva.ch/wp-content/uploads/2023/07/2015-212x300.png 212w, https://flamenco-eva.ch/wp-content/uploads/2023/07/2015-300x425.png 300w" sizes="(max-width: 685px) 100vw, 685px" /></figure>



<figure class="wp-block-image size-full"><img decoding="async" loading="lazy" width="749" height="1029" data-id="360"  src="https://flamenco-eva.ch/wp-content/uploads/2023/07/2012.png" alt="" class="wp-image-360" srcset="https://flamenco-eva.ch/wp-content/uploads/2023/07/2012.png 749w, https://flamenco-eva.ch/wp-content/uploads/2023/07/2012-218x300.png 218w, https://flamenco-eva.ch/wp-content/uploads/2023/07/2012-745x1024.png 745w, https://flamenco-eva.ch/wp-content/uploads/2023/07/2012-300x412.png 300w" sizes="(max-width: 749px) 100vw, 749px" /></figure>



<figure class="wp-block-image size-full"><img decoding="async" loading="lazy" width="569" height="798" data-id="64"  src="https://flamenco-eva.ch/wp-content/uploads/2023/07/affiche2010.png" alt="" class="wp-image-64" srcset="https://flamenco-eva.ch/wp-content/uploads/2023/07/affiche2010.png 569w, https://flamenco-eva.ch/wp-content/uploads/2023/07/affiche2010-214x300.png 214w, https://flamenco-eva.ch/wp-content/uploads/2023/07/affiche2010-300x421.png 300w" sizes="(max-width: 569px) 100vw, 569px" /></figure>



<figure class="wp-block-image size-full"><img decoding="async" loading="lazy" width="596" height="843" data-id="355"  src="https://flamenco-eva.ch/wp-content/uploads/2023/07/Affiche-flamenco-2008.jpg" alt="" class="wp-image-355" srcset="https://flamenco-eva.ch/wp-content/uploads/2023/07/Affiche-flamenco-2008.jpg 596w, https://flamenco-eva.ch/wp-content/uploads/2023/07/Affiche-flamenco-2008-212x300.jpg 212w, https://flamenco-eva.ch/wp-content/uploads/2023/07/Affiche-flamenco-2008-300x424.jpg 300w" sizes="(max-width: 596px) 100vw, 596px" /></figure>



<figure class="wp-block-image size-full"><img decoding="async" loading="lazy" width="589" height="835" data-id="357"  src="https://flamenco-eva.ch/wp-content/uploads/2023/07/2007.png" alt="" class="wp-image-357" srcset="https://flamenco-eva.ch/wp-content/uploads/2023/07/2007.png 589w, https://flamenco-eva.ch/wp-content/uploads/2023/07/2007-212x300.png 212w, https://flamenco-eva.ch/wp-content/uploads/2023/07/2007-300x425.png 300w" sizes="(max-width: 589px) 100vw, 589px" /></figure>



<figure class="wp-block-image size-full"><img decoding="async" loading="lazy" width="1216" height="1732" data-id="366"  src="https://flamenco-eva.ch/wp-content/uploads/2023/07/Journal-de-Cossonay-23-mars-2007.jpg" alt="" class="wp-image-366" srcset="https://flamenco-eva.ch/wp-content/uploads/2023/07/Journal-de-Cossonay-23-mars-2007.jpg 1216w, https://flamenco-eva.ch/wp-content/uploads/2023/07/Journal-de-Cossonay-23-mars-2007-211x300.jpg 211w, https://flamenco-eva.ch/wp-content/uploads/2023/07/Journal-de-Cossonay-23-mars-2007-719x1024.jpg 719w, https://flamenco-eva.ch/wp-content/uploads/2023/07/Journal-de-Cossonay-23-mars-2007-768x1094.jpg 768w, https://flamenco-eva.ch/wp-content/uploads/2023/07/Journal-de-Cossonay-23-mars-2007-1078x1536.jpg 1078w, https://flamenco-eva.ch/wp-content/uploads/2023/07/Journal-de-Cossonay-23-mars-2007-300x427.jpg 300w, https://flamenco-eva.ch/wp-content/uploads/2023/07/Journal-de-Cossonay-23-mars-2007-850x1211.jpg 850w" sizes="(max-width: 1216px) 100vw, 1216px" /></figure>



<figure class="wp-block-image size-full"><img decoding="async" loading="lazy" width="1654" height="2338" data-id="367"  src="https://flamenco-eva.ch/wp-content/uploads/2023/07/2005-inauguration.png" alt="" class="wp-image-367" srcset="https://flamenco-eva.ch/wp-content/uploads/2023/07/2005-inauguration.png 1654w, https://flamenco-eva.ch/wp-content/uploads/2023/07/2005-inauguration-212x300.png 212w, https://flamenco-eva.ch/wp-content/uploads/2023/07/2005-inauguration-724x1024.png 724w, https://flamenco-eva.ch/wp-content/uploads/2023/07/2005-inauguration-768x1086.png 768w, https://flamenco-eva.ch/wp-content/uploads/2023/07/2005-inauguration-1087x1536.png 1087w, https://flamenco-eva.ch/wp-content/uploads/2023/07/2005-inauguration-1449x2048.png 1449w, https://flamenco-eva.ch/wp-content/uploads/2023/07/2005-inauguration-300x424.png 300w, https://flamenco-eva.ch/wp-content/uploads/2023/07/2005-inauguration-850x1202.png 850w" sizes="(max-width: 1654px) 100vw, 1654px" /></figure>
</figure>

<p>Prochain spectacle: Samedi 14 juin 2025 à la salle d&rsquo;Echandens! (Affiche à suivre.) Spectacles passés</p>
